*o**2 + o + 8. Let p(s) = 4*r(s) - 3*z(s). Calculate p(4).
2
Let u(j) = -j**3 + 10*j**2 - 15*j - 15. Let f(i) = i**3 - 55*i**2 - 45*i - 608. Let k be f(56). Determine u(k).
-7
Let b(p) = 16*p + 55. Let q(m) be the first derivative of 5*m**2 + 28*m + 14. Let t(i) = -3*b(i) + 5*q(i). Give t(13).
1
Let u(t) = -t**2 - 10*t - 8. Let b = -5 - 51. Let d = b + 78. Suppose -2*j = -4 + d. Give u(j).
1
Suppose -18 = -9*x - 0*x. Let i(u) = u**x - u**2 + 2*u + u**2 - 3 + 5*u. Calculate i(-6).
-9
Let u(n) = 12*n - 12. Let y(q) = -5*q**2 + 702*q - 274. Let s be y(140). Give u(s).
60
Let g(z) = 7*z + 5. Suppose 30 = -2*w + 106. Suppose -4*c - 5*t + 12 = -2, -5*c + w = -4*t. Let k(h) = 6*h + 4. Let j(q) = c*k(q) - 5*g(q). What is j(8)?
7
Let b = 40 + -32. Suppose 2*i = b*i - 60. Suppose 0 = -2*o + 30 - i. Let j(h) = h - 9. Give j(o).
1
Let n(r) be the third derivative of 0 + 1/6*r**3 + 28*r + 1/12*r**4 - r**2 + 1/20*r**5. Let m(j) = -j**3 + 8*j**2 - 8*j + 5. Let x be m(7). Calculate n(x).
9
Let f be (-16)/(-3) + 4/6. Let o(v) = 0*v**3 - 4*v**2 + 0*v**3 + 1 - 3*v**2 + v**3 + 5*v + 5 - 12. Give o(f).
-12
Let u be 10/(-3) + (-5)/(-15). Let g(x) = 226*x - 544*x + 326*x. Calculate g(u).
-24
Suppose -5*k = -5*u + 133 - 118, 4*k + 12 = 3*u. Let v(o) = 3*o**2 - 4*o - 27. Calculate v(k).
12
Let b(x) = 16 - 618*x**3 + x + 617*x**3 + 4*x**2 - 16*x**2. Let y be b(-12). Let p(d) be the third derivative of d**4/24 - 2*d**3/3 + 12*d**2. Calculate p(y).
0
Let h(q) = -6*q + 379 + 6*q**2 - 747 + 373. Let p(u) = -3*u**2 + 6*u - 5. Let n(w) = w**2. Let j(a) = -2*n(a) + p(a). Let d(y) = -4*h(y) - 5*j(y). What is d(4)?
-3
Let d(f) = -2*f + 6805 - 6811 + 0*f. Determine d(-4).
2
Let i = -874 - -877. Let p(y) be the first derivative of -3*y**2/2 + 4*y + 13. What is p(i)?
-5
Let o(g) = 67*g + 3. Let s(i) = 78*i + 6. Let z(l) = -6*o(l) + 5*s(l). Calculate z(0).
12
Let r(d) be the second derivative of -d**4/12 + 5*d**3/6 + 6*d**2 + 2*d - 41. Determine r(-7).
-72
Let a(j) = -j**2 - 25*j. Let q(p) = -2*p**2 - 45*p - 1. Let t(n) = -11*a(n) + 6*q(n). Suppose -d + 7 = -6. Suppose 2*b - d = -5. Determine t(b).
-2
Suppose -28*u - 44 = -30*u. Let q = u - 12. Let g(f) = -16 - q*f + 8*f + 16. Give g(-9).
18
Let d(o) = -6*o**2 - 11*o - 6. Let b(m) = -2*m + 0*m - 8*m - 5*m**2 + 225 - 230. Let h(v) = 7*b(v) - 6*d(v). Let p be 24/20*2*20/12. Determine h(p).
1
Let y(g) = g**3 - 21*g**2 + 20*g + 26. Suppose 18*m = 354 + 6. Calculate y(m).
26
Suppose -6*n = n - 154. Let w be ((-212)/44 - -3) + (-4)/n. Let m be w/(-1)*14*2/(-8). Let p(l) = l**2 + 7*l + 5. Determine p(m).
5
Let v(u) = -20*u**3 - 32*u**2 - 14*u - 214. Let y(j) = 9*j**3 + 16*j**2 + 7*j + 108. Let q(k) = -4*v(k) - 9*y(k). Give q(-16).
-4
Let a(z) = -z**3 - 6*z**2 - z + 2. Let g(k) = -3*k**2 + 39*k + 42. Let x be g(13). Suppose 78*o = 85*o + x. What is a(o)?
8
Suppose 0 = -z - z. Let n(j) = -j**3 + 10*j**2 + 2*j - 20. Let v be n(10). Suppose z = -v*p - 3*p - 15. Let g(d) = 2*d + 7. What is g(p)?
-3
Let l(v) be the first derivative of -v**3/3 + 6*v**2 + v - 2325. Give l(14).
-27
Let s(z) = -4*z**2 - 8*z + 6. Let j(g) be the first derivative of g**3/3 + 3*g**2/2 - 2*g + 77. Let p(c) = 7*j(c) + 2*s(c). Calculate p(4).
2
Let w(h) = -2*h**2 + 25*h - 69. Let d be 11 + ((-10)/4)/((-9)/(-18)). What is w(d)?
9
Let h be 11/22*(-4)/1. Let b(s) = -18*s - 15. Calculate b(h).
21
Let y(n) = -11*n - 23. Let g be y(-3). Let c(s) = -s**3 + 8*s**2 + 22*s - 21. Let v be c(g). Let k(p) = 4*p**2 + 2*p + 1. What is k(v)?
3
Let u(h) = -8*h + 17*h + 8*h - 2*h - 3 + 29*h. Give u(-1).
-47
Let y(m) = -m**2 + 7*m - 6. Let i(q) = -9 - 56 + 7*q - 24*q + 12*q. Let v be i(-14). Determine y(v).
4
Suppose 10*f - 66 = 24. Let z(p) = 4 + f*p + 9*p - 22*p + 6*p. Let y(k) = -k**2 + 3*k + 3. Let l be y(5). What is z(l)?
-10
Let y(p) be the second derivative of -2*p**3/3 - 3*p**2 - 540*p. Determine y(11).
-50
Let o(r) = r**3 - 3*r + 1. Let a = 4 + 8. Suppose -i = -3*i + a. Let q(c) = -c + 8. Let n be q(i). Give o(n).
3
Suppose 0 = p - 5, -61*a + 49 = -57*a - 3*p. Let t(v) = -v**2 + 15*v + 1. What is t(a)?
-15
Let f(k) = 2*k**2 - 35*k - 95. Let l be f(20). Let m(i) = -l*i + 16 + 2*i**2 + i + 2*i**2 - 5*i - 3*i**2. Give m(3).
-2
Let h(o) = -3*o + 7. Let m(f) = -f + 4. Let n(t) = 2*h(t) - 5*m(t). Let w(k) = -34*k - 708. Let x be w(-21). Give n(x).
-12
Let j(u) be the third derivative of -7*u**6/120 - u**5/60 + 2*u**2. Let q be -92*(-5)/20*5. Suppose -q*g + 1 = -116*g. Calculate j(g).
6
Let q be ((-9)/6)/(-5 + 72/16). Let c(r) = 13*r - 38. Determine c(q).
1
Let g(c) be the third derivative of -c**7/5040 - c**6/80 - c**5/60 + 41*c**4/12 + c**2 - 6*c. Let v(j) be the third derivative of g(j). Give v(-6).
-3
Suppose 2*g + 3 = -1. Let x(u) be the first derivative of -u**4/4 - 2*u**3/3 - 2*u + 3340. Calculate x(g).
-2
Let k(q) be the second derivative of 5/2*q**2 - 41*q + 1/2*q**4 + 5/6*q**3 + 0 + 1/20*q**5. Determine k(-4).
17
Suppose 0 = 4*d - 16, -5*z = -3*z - 2*d + 4. Let g be (-7)/(-14) - z/(-4). Let r(h) = 12*h**2 + h. Determine r(g).
13
Let l be ((-6)/6)/(2 - 3/2). Let q(b) = 3*b**3 + 10*b**2 - 2*b - 2. Give q(l).
18
Let u(q) = -q**3 - 5*q**2 + 13*q - 4. Let l be u(-7). Suppose 2*k + 64 = -b, 0 = -2*k - 3*k + l*b - 182. Let t = 37 + k. Let c(j) = -j**2 + j - 1. What is c(t)?
-7
Let t(o) = -o - 4. Let g = -80 - -112. Suppose c = -5*j - 4, g - 12 = j - 5*c. Give t(j).
-4
Let u(k) = 163*k + 14. Let v(d) = 299*d + 28. Let j(n) = 11*u(n) - 6*v(n). Determine j(-1).
-13
Let m(h) = 3*h**3 + 0 + 2 - 3 - 185*h**2 - 2*h + 184*h**2 - 16*h**3. Calculate m(-1).
13
Let a(d) be the third derivative of -d**6/120 - d**5/15 + 5*d**4/6 + 8*d**3/3 - 3648*d**2. What is a(-6)?
-32
Let q = 69 - 65. Suppose j - 148 = 5*j + 5*b, 185 = -5*j - q*b. Let m = j + 43. Let w(y) = -y**2 + 6*y + 8. Give w(m).
8
Let d(l) = 14*l**2 + 6*l - 2*l**3 - 5*l - 6 + 13 - 6*l. Let o(y) = 2*y**3 - 8*y**2 + 3*y - 4. Let t(g) = 3*d(g) + 5*o(g). Determine t(-2).
-23
Let x(t) = -15*t + 61. Let w be (-4)/(-16) - ((-4)/8 - 78/24). What is x(w)?
1
Let p(g) = -2*g**3 - 98*g**2 - 2*g - 103. Let d be p(-49). Let h(n) be the first derivative of n**3 + 13*n**2/2 - 9*n - 320. What is h(d)?
1
Let v(s) be the second derivative of -s**3/2 - 2*s**2 + 22*s. Suppose 3*j + 2 = -4*g, 33 = 5*j - 4*g - 17. Calculate v(j).
-22
Let i be (-7)/((-105)/18)*(-2 + 7). Let j be 1*(2 - (i + -3)) + 9. Let t(k) = -k + 1. Determine t(j).
-7
Let h = 8 + -2. Let y(z) be the third derivative of z**6/120 - 7*z**5/60 + z**4/12 + 2*z**2 + 15*z - 2481. What is y(h)?
-24
Let x(d) = -d**3 - 2*d**2 + d + 2. Let a(u) be the second derivative of 0 + 5/6*u**3 - 3*u**2 - 8*u + 1/20*u**5 - 5/12*u**4. Let i be a(4). Give x(i).
0
Let o(d) be the second derivative of d**3/2 + 2*d**2 + 174*d + 50. Let t = 3 + -6. Determine o(t).
-5
Let t(k) = 2*k**2 + 6*k - 7. Let y be 392/(-343) + 123/(-42)*2. Give t(y).
49
Let t(y) = 5*y**2 + 13*y - 4. Let x(i) = i**3 - 9*i**2 - 30*i + 9. Let m(l) = -5*t(l) - 2*x(l). Give m(-4).
38
Let d(x) be the second derivative of -1/6*x**3 - 7*x + 0*x**2 + 0. Suppose 3*i - 2 = -2*p, -5*p - 2*i - 7 = 10. Determine d(p).
5
Let j(z) = z**3 - 7*z**2 - 12*z - 15. Let p(u) = 3*u**3 - 22*u**2 - 36*u - 50. Let d(r) = -10*j(r) + 3*p(r). What is d(7)?
-63
Let t(u) be the first derivative of -u**4/4 - 6*u**3 + 8*u + 595. Give t(-18).
8
Let l(h) = -23*h - 558. Let m(s) = -6*s - 152. Let u(a) = -3*l(a) + 11*m(a). Determine u(-11).
-31
Let r(t) be the first derivative of 5*t**2/2 - 9*t + 44. Let i(l) = -3*l + 5. Let u(d) = -5*i(d) - 2*r(d). Give u(5).
18
Suppose 0 = -5*j + 20 + 10. Suppose f = 10*b - j*b + 41, 5*b - 3*f = -46. Let k(c) = -c**3 - 12*c**2 - 10*c - 5. Calculate k(b).
-16
Let k(w) = 4*w**2 - 2*w - 2. Let m(a) = 7*a**2 - 4*a - 4. Let b(d) = 5*k(d) - 3*m(d). Let y be (-122)/(-915) + 2/((-90)/57651). Let i = 1285 + y. Give b(i).
-6
Suppose 3 = -3*s + 5*g, s - 5*g + 1678 - 1677 = 0. Let a(w) = -20*w - 7. What is a(s)?
13
Let g = 689 - 683. Suppose 2*i + 2*y = -g, -2*i + 9*y - 4*y = -22. Let p(k) = 12*k**3 + k**2 + k - 1. Give p(i).
13
Let y(c) = -481*c - 10 - 2 + 3 + 483*c. Let r be (4/(-8))/(3/(-126)). Let a be 4/(-14) + 153/r. Calculate y(a).
5
Suppose 2*d - 12 = 3*c + c, -26 = -3*d - 2*c. Let v be (-4)/d*-4 + -1 - -3. Let s(f) = -3*f + v*f + 2*f - f**3 + 3*f